26)?
3
Let k(z) = -z**2 - 10*z + 24. Let r be k(-12). Suppose 2*q + 3*l - 426 = r, -q - l + 212 = -0*q. What is the units digit of q?
0
Let o(p) = -7*p**2 + 0*p**2 + 3 + 24*p**2 - 14*p - 10*p**2. What is the units digit of o(9)?
4
Suppose 5*a = 18 + 22. Suppose -2*f = -3*s + 1, 4*s - a = f + 5. Suppose -160 = f*r - 11*r. What is the tens digit of r?
4
Suppose 11*y - 16*y = -4*g + 46044, -2*g + 2*y = -23022. What is the hundreds digit of g?
5
Let b(s) = -72*s**3 + 22*s**2 + 93*s + 25. What is the tens digit of b(-6)?
1
Suppose 3*r + 7 = -2*n, 5*r + 0 + 20 = 5*n. Let p be ((-1)/n + -9)/(3/30). Let u = p - -263. What is the hundreds digit of u?
1
Let c(z) = -z. Let d be c(-4). Suppose 2*r - h = 120, 0 = 3*r - h - 3*h - 175. Suppose -4*g + 137 = 2*y + 15, d*g - r = -y. What is the tens digit of y?
6
Suppose 10 + 5 = 5*c. Suppose c*d = 2920 - 418. What is the tens digit of d?
3
Suppose -3*v - 2*o = -141036, 0 = 3*v + 624*o - 620*o - 141054. What is the ten thousands digit of v?
4
Let d be -14 + 35/5 + 13. Suppose d*r - 10*r + 2960 = 0. What is the units digit of r?
0
What is the thousands digit of (2 - ((-6)/(-6) + 9)) + 15300?
5
Let v(b) = b**3 - 183*b**2 + 293*b + 488. What is the thousands digit of v(184)?
8
Suppose 4*p + g - 5017 = 0, -29*g = -3*p - 34*g + 3767. What is the units digit of p?
4
Let k be 1/(-3*1/(-27)). What is the hundreds digit of 443 - ((-3 - 0) + k)?
4
Suppose 2*j + 36 = -10*j. What is the hundreds digit of (-2 - -475) + (-7 + -2)/j?
4
Let b(d) be the first derivative of -d**4/4 + 20*d**3/3 + 23*d**2 + 15*d - 95. What is the tens digit of b(22)?
5
Suppose 3*j + 2*i = 28462, -j = 5*i - 4482 - 4988. What is the hundreds digit of j?
4
What is the thousands digit of (1/(-1) + -13)*(17588/(-7) - 26)?
5
Let a be 8595*((-10)/15)/2. Let p = -1704 - a. What is the hundreds digit of p?
1
Let v be (-2 - -1)/(5/(-15)). Suppose -870 = -v*m - 3*r, 5*m - 1700 = -4*r - 249. What is the units digit of m?
1
Suppose 13025 = 12*b - 11*b. Suppose -27*n + 14812 = -b. What is the hundreds digit of n?
0
Let j(c) = 2*c - 8. Suppose -k + 4*t = 9, -5 = -3*k + 5*t - t. Let p be j(k). Suppose -65 = -p*o + 49. What is the tens digit of o?
1
Let w be (-1 - -7)/3 + (45 - 45). Suppose 4*u = -2*g + 170, -w*u = g + 2*u - 85. What is the units digit of g?
5
Suppose -990 = 19*r + 1005. What is the units digit of 299 + ((-13)/7 - (-15)/r)?
7
Suppose -6*z + 3*z - f = -977, -z + 4*f = -304. Suppose 0 = -13*i + 16*i - z. What is the units digit of i?
8
Let a(v) = 4*v**2 + 2*v - 52. Let p be a(12). Suppose -q = -5*f + 7, -5*f = -2*q - 2*q + 17. Suppose q*y - p - 44 = 0. What is the units digit of y?
4
Suppose -48*l + 4 = -46*l. Let u(a) = 44*a - 43*a + l - 3 + 15*a**2. What is the tens digit of u(-2)?
5
Let o be (0 - (-2 + 6)) + 1271. Suppose 5*p + 33 = -4*y + 1291, y - o = -5*p. What is the hundreds digit of p?
2
What is the tens digit of 2445 - (0 - (230/(-70) + (-6)/(-21)))?
4
What is the thousands digit of 3110 + (-3 - 8) - 4?
3
Let i(q) = -125*q + 351. Let v be i(-13). Let g = v + -283. What is the tens digit of g?
9
Suppose -15*f + m + 7575 = -13*f, -f + 3784 = 3*m. Let x = -2619 + f. What is the thousands digit of x?
1
Let r = -7 - 16. Suppose 172*w - 40 = -2*u + 176*w, 0 = 4*u - w - 45. Let d = u - r. What is the units digit of d?
3
Let q = -49 + 54. Suppose 0 = -t + 2*v + 9, -q*v + 21 = 4*t - 8*v. What is the units digit of 3/(-18)*-46 - 2/t?
7
Let r(p) = p**2 - 9*p + 20. Let g be r(7). Let u(i) = g*i**2 + 10 - 13*i - 1 + i**3 + 8*i. What is the tens digit of u(-6)?
3
Suppose 9*u = 6*u + 42. What is the units digit of 2285*(-13)/((-455)/u)?
4
Suppose -11*m + 48 = -5*m. Let u be -1 + m/32*6*2. Suppose b = u*d - 4*d + 267, 0 = -2*d + b + 277. What is the units digit of d?
6
Let a = 135 - 124. Let f(s) be the first derivative of 2*s**3/3 - 3*s**2/2 - 25*s + 8. What is the tens digit of f(a)?
8
Suppose -w = 3*v - 8715 - 6681, -4*w + 10264 = 2*v. What is the hundreds digit of v?
1
Let h(d) = d**3 + d**2 - 5*d + 2. Let o be h(-2). Let f(p) = 2*p**3 - 7*p**2 - 21*p - 17. What is the tens digit of f(o)?
9
Let a = 138 + -146. Let i(w) = -w**3 + 0*w**3 - w**3 + w**3 - 8*w**2 + 3 - 11*w. What is the units digit of i(a)?
1
Let s(p) = p**2 + 10*p - 11. Let x be s(-11). Suppose x = f - 2*d + 4*d - 11, -3*f - 2*d = -13. What is the tens digit of -2 + (-2 - -3)/(f/71)?
6
Suppose 3*d = 3*m - m - 17, 2*d + 14 = 2*m. Let u be (6/15)/((-78)/(-20) - m). What is the tens digit of (0/u)/(-2) + 72?
7
Let q(v) = 407*v**2 - 1. Let p be (4/6 + 0)/((-12)/18). Let a be q(p). Let y = a - 252. What is the tens digit of y?
5
Suppose 4*t + 0*d - 2*d = 28768, -3*d = -4*t + 28770. What is the tens digit of t?
9
Let u(q) = -q**3 - q**2 + 8*q + 10. Let c be u(-5). Let b be 46/7 + (-40)/c. What is the tens digit of (-132)/90*-3*b*5?
3
Let w(b) be the second derivative of -b**5/10 - b**4/12 + 11*b**3/6 + 23*b**2/2 - 15*b - 1. What is the units digit of w(-7)?
3
Suppose -59*s = -55*s + 4*x - 1072, 3*s - 4*x - 769 = 0. What is the units digit of s?
3
Let k = -1766 - -775. Let w = 1423 + k. What is the tens digit of w?
3
Let t(f) = -f**2 - 10*f + 9. Let j be t(-11). Let i be 3/((-72)/(-219)) - j/(-16). Suppose i*y - 1197 = -0*y. What is the units digit of y?
3
Let s(w) = 3 + 226*w**2 + 5*w - 8 + 6 + 2. What is the units digit of s(-1)?
4
Suppose 4*q - a = -2 + 20, 3*q = -3*a + 6. Suppose q*w - 36 - 32 = 0. Suppose -11*t = -w*t + 780. What is the hundreds digit of t?
1
Suppose 4764*v - 4755*v - 179509 - 325283 = 0. What is the hundreds digit of v?
0
Suppose -5*x = -49*w + 47*w + 21987, -32998 = -3*w + 5*x. What is the tens digit of w?
1
Let g(h) = 15*h - 10*h + 13*h + 310 + 0*h. What is the tens digit of g(7)?
3
What is the thousands digit of (16766/6)/((-17)/(-51))?
8
Let w be -7 - -11 - -4*(-1)/(-2). What is the tens digit of -742*(w + -8 - (-6)/4)?
7
Let c(s) be the first derivative of 7*s**3/3 + 8*s - 61. What is the hundreds digit of c(-5)?
1
Let a(y) = 373*y**2 + y - 1. Let o be a(1). Let f = o - 168. Suppose 201*t = f*t - 140. What is the tens digit of t?
3
Suppose 2*w + 0 = 8. Suppose 4*g + 18 = -2*d, -4*d + 9*d + 69 = -2*g. What is the units digit of d/w*112/(-4)?
5
Let g(i) = -i**2 - 10*i - 21. Let w be g(-4). Let b be (w/((-30)/(-16)))/(6/15). Suppose b*s - 84 = -3*s. What is the units digit of s?
2
Suppose 3*z + 13974 = 2*u - z, -3*u - z = -20919. What is the thousands digit of u?
6
Let p(a) = a**2 - 55*a + 347. What is the tens digit of p(-44)?
0
Suppose 2*m - g = 10690 + 7779, 5*m - g = 46174. What is the thousands digit of m?
9
Suppose 8 = 4*g + 8. Suppose 0 = 2*m + v - 7, g = -m + 5*v - 2*v. Suppose 5*u - 5 = 0, m*r - 7*r = u - 101. What is the units digit of r?
5
Suppose -16*o + 1244 = -14*o. Suppose 6*u + o = 3*k + 2*u, -403 = -2*k + 5*u. Suppose 4*c + 2*i - 302 = 0, -3*c = i - k - 10. What is the tens digit of c?
7
Suppose 5*y - 16196 = 105564. What is the units digit of y?
2
Suppose -12*q + 5520 = 12*q. What is the tens digit of 92/q + 2/10*2413?
8
Suppose 5*t = 5*j - 8*j - 5, j - 5*t - 5 = 0. Let y = 23 - -16. Suppose g - 162 - y = j. What is the tens digit of g?
0
Suppose -2*x + 0*x + 1436 = 2*y, -4*y - 1424 = -2*x. Suppose 2*s - 3*s = -12. Suppose 3*f - s = -f, x = 5*g - 3*f. What is the units digit of g?
5
What is the thousands digit of (-6396)/(-390)*2830/4?
1
Let m(d) = 475*d**2 + 9*d + 128. What is the units digit of m(6)?
2
Let p = 2 + 167. Let b = 314 - p. What is the units digit of b?
5
Suppose 5*m + 4668 = c, 103*m + 20 = 107*m. What is the thousands digit of c?
4
Let i(v) = 3*v**2 + 40*v - 9. Let z = -132 - -116. What is the hundreds digit of i(z)?
1
Let r(p) = p**3 - 14*p**2 - 15*p - 4. Suppose -n + 2*d + 15 = 0, 5*d = d. Let x be r(n). What is the hundreds digit of x - 0 - -112 - 4?
1
Let j(q) = -50*q + 155. Let f be j(3). Suppose -3*y + 6*y + f*x - 210 = 0, -291 = -4*y - 3*x. What is the tens digit of y?
7
Let o be 1 + (-2)/6 - 26/(-6). Suppose r - 4*i - 98 = 0, -o*r = i - 919 + 387. Let k = r - 9. What is the units digit of k?
7
Let y = -814 - -819. What is the tens digit of y/(25/15) + 726?
2
Suppose -233*n - 252*n = -165*n - 21002560. What is the ten thousands digit of n?
6
Suppose 0 = 2*v + l + l - 1630, -3*l - 2409 = -3*v. What is the hundreds digit of v?
